he prime factors of 40613?
17, 2389
What are the prime factors of 1023?
3, 11, 31
List the prime factors of 66107.
66107
List the prime factors of 16695.
3, 5, 7, 53
What are the prime factors of 21577?
21577
What are the prime factors of 4094?
2, 23, 89
What are the prime factors of 113?
113
List the prime factors of 94549.
7, 13, 1039
List the prime factors of 3590.
2, 5, 359
List the prime factors of 4804.
2, 1201
List the prime factors of 2964.
2, 3, 13, 19
List the prime factors of 3548.
2, 887
List the prime factors of 31696.
2, 7, 283
What are the prime factors of 24874?
2, 12437
What are the prime factors of 20064?
2, 3, 11, 19
List the prime factors of 15660.
2, 3, 5, 29
List the prime factors of 3396.
2, 3, 283
List the prime factors of 1889.
1889
List the prime factors of 3633.
3, 7, 173
List the prime factors of 6251.
7, 19, 47
What are the prime factors of 1204?
2, 7, 43
List the prime factors of 31077.
3, 1151
List the prime factors of 1576.
2, 197
List the prime factors of 13877.
13877
List the prime factors of 6996.
2, 3, 11, 53
List the prime factors of 15405.
3, 5, 13, 79
What are the prime factors of 171832?
2, 47, 457
List the prime factors of 9672.
2, 3, 13, 31
What are the prime factors of 110?
2, 5, 11
List the prime factors of 18760.
2, 5, 7, 67
What are the prime factors of 69809?
69809
List the prime factors of 455.
5, 7, 13
List the prime factors of 6672.
2, 3, 139
What are the prime factors of 440?
2, 5, 11
List the prime factors of 41542.
2, 20771
What are the prime factors of 102600?
2, 3, 5, 19
List the prime factors of 2175.
3, 5, 29
What are the prime factors of 69?
3, 23
List the prime factors of 6197.
6197
What are the prime factors of 331?
331
List the prime factors of 8100.
2, 3, 5
What are the prime factors of 17253?
3, 71
List the prime factors of 3396.
2, 3, 283
What are the prime factors of 8615?
5, 1723
What are the prime factors of 1577?
19, 83
List the prime factors of 9935.
5, 1987
What are the prime factors of 162353?
179, 907
List the prime factors of 888.
2, 3, 37
What are the prime factors of 23331?
3, 7, 11, 101
What are the prime factors of 86504?
2, 11, 983
List the prime factors of 316.
2, 79
What are the prime factors of 20333?
20333
List the prime factors of 3277.
29, 113
List the prime factors of 2452.
2, 613
List the prime factors of 365.
5, 73
List the prime factors of 106721.
106721
List the prime factors of 3702.
2, 3, 617
List the prime factors of 42564.
2, 3, 3547
List the prime factors of 5648.
2, 353
List the prime factors of 18357.
3, 29, 211
List the prime factors of 7410.
2, 3, 5, 13, 19
What are the prime factors of 11155?
5, 23, 97
What are the prime factors of 1766?
2, 883
List the prime factors of 1797.
3, 599
What are the prime factors of 69803?
29, 83
List the prime factors of 8972.
2, 2243
List the prime factors of 6210.
2, 3, 5, 23
What are the prime factors of 870?
2, 3, 5, 29
What are the prime factors of 27708?
2, 3, 2309
What are the prime factors of 595?
5, 7, 17
List the prime factors of 11505.
3, 5, 13, 59
List the prime factors of 3723.
3, 17, 73
What are the prime factors of 5778?
2, 3, 107
List the prime factors of 12124.
2, 7, 433
What are the prime factors of 50226?
2, 3, 11, 761
What are the prime factors of 972?
2, 3
What are the prime factors of 493?
17, 29
What are the prime factors of 33024?
2, 3, 43
What are the prime factors of 53091?
3, 17, 347
List the prime factors of 2199.
3, 733
What are the prime factors of 40625?
5, 13
List the prime factors of 128054.
2, 43, 1489
List the prime factors of 32909.
32909
List the prime factors of 3508.
2, 877
What are the prime factors of 3846?
2, 3, 641
List the prime factors of 11927.
11927
List the prime factors of 32547.
3, 19, 571
List the prime factors of 8639.
53, 163
What are the prime factors of 7521?
3, 23, 109
What are the prime factors of 5396?
2, 19, 71
List the prime factors of 78093.
3, 8677
What are the prime factors of 3522?
2, 3, 587
List the prime factors of 1894.
2, 947
List the prime factors of 55603.
55603
List the prime factors of 32588.
2, 8147
What are the prime factors of 1338?
2, 3, 223
What are the prime factors of 7422?
2, 3, 1237
What are the prime factors of 4095?
3, 5, 7, 13
What are the prime factors of 531?
3, 59
What are the prime factors of 1208?
2, 151
What are the prime factors of 4691?
4691
What are the prime factors of 8044?
2, 2011
List the prime factors of 2329.
17, 137
What are the prime factors of 5325?
3, 5, 71
What are the prime factors of 61810?
2, 5, 7, 883
List the prime factors of 23172.
2, 3, 1931
List the prime factors of 13401.
3, 1489
List the prime factors of 25839.
3, 11, 29
List the prime factors of 23635.
5, 29, 163
List the prime factors of 249.
3, 83
What are the prime factors of 28331?
41, 691
List the prime factors of 31316.
2, 7829
List the prime factors of 2636.
2, 659
What are the prime factors of 1867?
1867
List the prime factors of 390.
2, 3, 5, 13
What are the prime factors of 10912?
2, 11, 31
What are the prime factors of 8481?
3, 11, 257
What are the prime factors of 5909?
19, 311
What are the prime factors of 2418?
2, 3, 13, 31
List the prime factors of 37642.
2, 11, 29, 59
List the prime factors of 3191.
3191
What are the prime factors of 46?
2, 23
What are the prime factors of 1229?
1229
What are the prime factors of 630?
2, 3, 5, 7
List the prime factors of 495.
3, 5, 11
List the prime factors of 7541.
7541
What are the prime factors of 4999?
4999
List the prime factors of 1412.
2, 353
What are the prime factors of 15566?
2, 43, 181
What are the prime factors of 11474?
2, 5737
What are the prime factors of 15414?
2, 3, 7, 367
What are the prime factors of 690?
2, 3, 5, 23
What are the prime factors of 384?
2, 3
List the prime factors of 4291.
7, 613
List the prime factors of 8912.
2, 557
List the prime factors of 2029.
2029
What are the prime factors of 69196?
2, 17299
List the prime factors of 4873.
11, 443
List the prime factors of 6314.
2, 7, 11, 41
What are the prime factors of 1279?
1279
List the prime factors of 716.
2, 179
List the prime factors of 4126.
2, 2063
List the prime factors of 10024.
2, 7, 179
What are the prime factors of 21418?
2, 10709
List the prime factors of 106714.
2, 229, 233
List the prime factors of 156718.
2, 127, 617
What are the prime factors of 45919?
47, 977
What are the prime factors of 2004?
2, 3, 167
List the prime factors of 3831.
3, 1277
List the prime factors of 956.
2, 239
What are the prime factors of 1305?
3, 5, 29
List the prime factors of 1000.
2, 5
What are the prime factors of 1305?
3, 5, 29
What are the prime factors of 8536?
2, 11, 97
What are the prime factors of 59975?
5, 2399
List the prime factors of 15161.
15161
What are the prime factors of 127890?
2, 3, 5, 7, 29
What are the prime factors of 3437?
7, 491
List the prime factors of 1074.
2, 3, 179
What are the prime factors of 1196?
2, 13, 23
What are the prime factors of 64566?
2, 3, 17, 211
What are the prime factors of 36406?
2, 109, 167
What are the prime factors of 635?
5, 127
List the prime factors of 13703.
71, 193
List the prime factors of 11182.
2, 5591
List the prime factors of 10257.
3, 13, 263
List the prime factors of 2544.
2, 3, 53
List the prime factors of 268.
2, 67
What are the prime factors of 26435?
5, 17, 311
What are the prime factors of 492?
2, 3, 41
What are the prime factors of 18726?
2, 3, 3121
List the prime factors of 59557.
59557
What are the prime factors of 409?
409
List the prime factors of 9380.
2, 5, 7, 67
List the prime factors of 8471.
43, 197
List the prime factors of 56959.
7, 79, 103
List the prime factors of 855.
3, 5, 19
List the prime factors of 7678.
2, 11, 349
What are the prime factors of 3344?
2, 11, 19
What are the prime factors of 4326?
2, 3, 7, 103
What are the prime factors of 3417?
3, 17, 67
List the prime factors of 4684.
2, 1171
List the prime factors of 7977.
3, 2659
List the prime factors of 7203.
3, 7
List the prime factors of 10165.
5, 19, 107
What are the prime factors of 1628?
2, 11, 37
What are the prime factors of 8410?
2, 5, 29
List the prime factors of 1408.
2, 11
What are the prime factors of 54211?
23, 2357
List the prime factors of 417.
3, 139
What are the prime factors